{"id":144,"date":"2024-09-12T10:02:34","date_gmt":"2024-09-12T08:02:34","guid":{"rendered":"https:\/\/csapa.sys-develop.fr\/?page_id=144"},"modified":"2025-12-07T19:14:55","modified_gmt":"2025-12-07T18:14:55","slug":"srv_consul_jeunes_conso","status":"publish","type":"page","link":"https:\/\/csapa.sys-develop.fr\/index.php\/srv_consul_jeunes_conso\/","title":{"rendered":"Consultation Jeunes Conso"},"content":{"rendered":"\n    \n    <section class=\"u-clearfix u-section-2\" id=\"sec-a23e\">\n      <div class=\"u-clearfix u-sheet u-sheet-1\">\n        <h2 class=\"u-align-center u-text u-text-default u-text-white u-text-1\" data-animation-name=\"customAnimationIn\" data-animation-duration=\"1500\"> La Consultation Jeunes Consommateurs<br>(CJC)\n        <\/h2>\n        <p class=\"u-align-center u-small-text u-text u-text-default u-text-variant u-text-2\"> La consultation jeunes consommateurs accueille les jeunes (seuls ou accompagn\u00e9s par les parents), orient\u00e9s ou en spontan\u00e9, afin d\u2019\u00e9valuer la situation aux premiers stades de la consommation et de proposer, si besoin, un suivi.<\/p>\n      <\/div>\n    <\/section>\n    <section class=\"skrollable u-clearfix u-section-3\" id=\"sec-1695\">\n      <div class=\"u-clearfix u-sheet u-valign-middle-lg u-valign-middle-md u-valign-middle-sm u-valign-middle-xs u-sheet-1\">\n        <div class=\"u-preserve-proportions u-shape u-shape-circle u-white u-shape-1\"><\/div>\n        <div class=\"u-shape u-shape-svg u-text-color-var u-shape-2\">\n          <svg class=\"u-svg-link\" preserveAspectRatio=\"none\" viewBox=\"0 0 160 160\" style=\"\"><use xlink:href=\"#svg-357e\"><\/use><\/svg>\n          <svg class=\"u-svg-content\" viewBox=\"0 0 160 160\" x=\"0px\" y=\"0px\" id=\"svg-357e\" style=\"enable-background:new 0 0 160 160;\"><path d=\"M80,30c27.6,0,50,22.4,50,50s-22.4,50-50,50s-50-22.4-50-50S52.4,30,80,30 M80,0C35.8,0,0,35.8,0,80s35.8,80,80,80\n\ts80-35.8,80-80S124.2,0,80,0L80,0z\"><\/path><\/svg>\n        <\/div>\n        <img decoding=\"async\" class=\"u-border-5 u-border-color-var u-image u-image-round u-radius u-image-1\" src=\"https:\/\/csapa.sys-develop.fr\/wp-content\/uploads\/2025\/09\/DSC00955-scaled.jpg\" alt=\"\" data-image-width=\"2560\" data-image-height=\"1440\">\n        <div class=\"u-align-justify u-container-style u-group u-radius u-shape-round u-white u-group-1\">\n          <div class=\"u-container-layout u-container-layout-1\">\n            <p class=\"u-text u-text-custom-color-18 u-text-1\">Un premier temps de rencontre a pour objet d'effectuer un bilan des consommations, d'apporter informations et conseils personnalis\u00e9s au jeune et \u00e0 sa famille.&nbsp;<br>\n              <br>Un accompagnement de courte dur\u00e9e peut \u00eatre propos\u00e9 au jeune&nbsp;pour l\u2019aider \u00e0 arr\u00eater ou r\u00e9duire sa consommation ou si la situation le n\u00e9cessite un suivi \u00e0 long terme en CSAPA.&nbsp;<br>\n              <br>Lorsque la situation n\u00e9cessite une prise en charge compl\u00e9mentaire : m\u00e9dicale, sociale, \u00e9ducative ou psychiatrique, une orientation vers des partenaires ext\u00e9rieurs peut \u00eatre propos\u00e9e.<br>\n            <\/p>\n            <div class=\"u-rotation-parent u-rotation-parent-1\">\n              <img decoding=\"async\" class=\"u-image u-image-contain u-image-default u-preserve-proportions u-image-2\" src=\"https:\/\/csapa.sys-develop.fr\/wp-content\/uploads\/2024\/04\/symbole143.png\" alt=\"\" data-image-width=\"67\" data-image-height=\"99\">\n            <\/div>\n          <\/div>\n        <\/div>\n        <img decoding=\"async\" class=\"u-image u-image-contain u-image-default u-preserve-proportions u-image-3\" src=\"https:\/\/csapa.sys-develop.fr\/wp-content\/uploads\/2024\/04\/symbole152.png\" alt=\"\" data-image-width=\"72\" data-image-height=\"82\">\n        <div class=\"u-border-5 u-border-white u-color-var u-container-style u-group u-radius u-shape-round u-group-2\">\n          <div class=\"u-container-layout u-container-layout-2\">\n            <h4 class=\"u-text u-text-body-alt-color u-text-default u-text-2\">Les permanences<\/h4>\n            <p class=\"u-align-justify u-text u-text-default u-text-white u-text-3\"> Des permanences sont assur\u00e9es le 1er mercredi de chaque mois (hors vacances scolaires) de 14h \u00e0 17h,&nbsp;au Bureau Information Jeunes (BIJ) - 1 rue St Thomas \u00e0 \u00c9vreux .<br>\n              <br>Des consultations au sein du CSAPA Parenth\u00e8se ou des locaux des partenaires sont \u00e9galement possibles sur simple rendez-vous&nbsp;au 02 32 62 00 62.\n            <\/p>\n          <\/div>\n        <\/div>\n      <\/div>\n    <\/section>\n    <section class=\"u-clearfix u-section-4\" id=\"block-1\">\n      <div class=\"u-clearfix u-sheet u-valign-middle-lg u-valign-middle-md u-valign-middle-sm u-valign-middle-xs u-sheet-1\">\n        <div class=\"custom-expanded u-align-center u-list u-list-1\">\n          <div class=\"u-repeater u-repeater-1\">\n            <div class=\"u-container-style u-custom-item u-list-item u-repeater-item\">\n              <div class=\"u-container-layout u-similar-container u-container-layout-1\">\n                <img decoding=\"async\" alt=\"\" class=\"custom-expanded u-align-center u-image u-image-default u-image-1\" data-image-width=\"128\" data-image-height=\"128\" src=\"https:\/\/csapa.sys-develop.fr\/wp-content\/uploads\/2025\/07\/6967748.png\">\n                <h3 class=\"u-align-center u-text u-text-default u-text-1\">Public <\/h3>\n                <p class=\"u-align-center u-text u-text-2\"> Adolescents et jeunes adultes de 12 \u00e0 25 ans pr\u00e9sentant des conduites addictives avec ou sans substances.<br>\n                  <br>\n                  <br>\n                <\/p>\n              <\/div>\n            <\/div>\n            <div class=\"u-container-style u-custom-item u-list-item u-repeater-item\">\n              <div class=\"u-container-layout u-similar-container u-container-layout-2\">\n                <img decoding=\"async\" alt=\"\" class=\"u-align-center u-image u-image-default u-image-2\" data-image-width=\"128\" data-image-height=\"128\" src=\"https:\/\/csapa.sys-develop.fr\/wp-content\/uploads\/2025\/07\/5455371.png\">\n                <h3 class=\"u-align-center u-text u-text-default u-text-3\"> Modalit\u00e9s <\/h3>\n                <p class=\"u-align-center u-text u-text-4\">Des consultations au sein du CSAPA Parenth\u00e8se ou des locaux des partenaires sont possibles sur simple rendez-vous&nbsp;au&nbsp;<br>02 32 62 00 62.<br>\n                  <br>\n                <\/p>\n              <\/div>\n            <\/div>\n            <div class=\"u-container-style u-custom-item u-list-item u-repeater-item\">\n              <div class=\"u-container-layout u-similar-container u-container-layout-3\">\n                <img decoding=\"async\" alt=\"\" class=\"u-align-center u-image u-image-default u-image-3\" data-image-width=\"128\" data-image-height=\"128\" src=\"https:\/\/csapa.sys-develop.fr\/wp-content\/uploads\/2025\/09\/1323734.png\">\n                <h3 class=\"u-align-center u-text u-text-default u-text-5\"> L'\u00e9quipe<\/h3>\n                <p class=\"u-align-center u-text u-text-6\"> Les entretiens sont r\u00e9alis\u00e9s en bin\u00f4me psychologue, infirmier ou travailleur social.<\/p>\n              <\/div>\n            <\/div>\n          <\/div>\n        <\/div>\n      <\/div>\n    <\/section>\n    \n    \n    \n  \n","protected":false},"excerpt":{"rendered":"<p>La Consultation Jeunes Consommateurs(CJC) La consultation jeunes consommateurs accueille les jeunes (seuls ou accompagn\u00e9s par les parents), orient\u00e9s ou en spontan\u00e9, afin d\u2019\u00e9valuer la situation aux premiers stades de la consommation et de proposer, si besoin, un suivi. Un premier temps de rencontre a pour objet d&rsquo;effectuer un bilan des consommations, d&rsquo;apporter informations et conseils &hellip; <a href=\"https:\/\/csapa.sys-develop.fr\/index.php\/srv_consul_jeunes_conso\/\" class=\"more-link\">Continue reading<span class=\"screen-reader-text\"> \u00ab\u00a0Consultation Jeunes Conso\u00a0\u00bb<\/span><\/a><\/p>\n","protected":false},"author":1,"featured_media":0,"parent":0,"menu_order":0,"comment_status":"closed","ping_status":"closed","template":"","meta":{"footnotes":""},"class_list":["post-144","page","type-page","status-publish","hentry"],"_links":{"self":[{"href":"https:\/\/csapa.sys-develop.fr\/index.php\/wp-json\/wp\/v2\/pages\/144","targetHints":{"allow":["GET"]}}],"collection":[{"href":"https:\/\/csapa.sys-develop.fr\/index.php\/wp-json\/wp\/v2\/pages"}],"about":[{"href":"https:\/\/csapa.sys-develop.fr\/index.php\/wp-json\/wp\/v2\/types\/page"}],"author":[{"embeddable":true,"href":"https:\/\/csapa.sys-develop.fr\/index.php\/wp-json\/wp\/v2\/users\/1"}],"replies":[{"embeddable":true,"href":"https:\/\/csapa.sys-develop.fr\/index.php\/wp-json\/wp\/v2\/comments?post=144"}],"version-history":[{"count":21,"href":"https:\/\/csapa.sys-develop.fr\/index.php\/wp-json\/wp\/v2\/pages\/144\/revisions"}],"predecessor-version":[{"id":1232,"href":"https:\/\/csapa.sys-develop.fr\/index.php\/wp-json\/wp\/v2\/pages\/144\/revisions\/1232"}],"wp:attachment":[{"href":"https:\/\/csapa.sys-develop.fr\/index.php\/wp-json\/wp\/v2\/media?parent=144"}],"curies":[{"name":"wp","href":"https:\/\/api.w.org\/{rel}","templated":true}]}}