{"id":153,"date":"2024-07-26T14:42:42","date_gmt":"2024-07-26T12:42:42","guid":{"rendered":"https:\/\/csapa.sys-develop.fr\/?page_id=153"},"modified":"2026-03-31T14:35:01","modified_gmt":"2026-03-31T12:35:01","slug":"hebergement-en-appartement-therapeutique","status":"publish","type":"page","link":"https:\/\/csapa.sys-develop.fr\/index.php\/nos-services\/hebergement-en-appartement-therapeutique\/","title":{"rendered":"H\u00e9bergement en appartement th\u00e9rapeutique"},"content":{"rendered":"\n    \n    <section class=\"u-clearfix u-section-2\" id=\"sec-8cd1\">\n      <div class=\"u-clearfix u-sheet u-valign-middle u-sheet-1\">\n        <h2 class=\"u-align-center u-text u-text-default u-text-white u-text-1\" data-animation-name=\"customAnimationIn\" data-animation-duration=\"1500\"> H\u00e9bergement en appartement th\u00e9rapeutique<br>\n        <\/h2>\n      <\/div>\n    <\/section>\n    <section class=\"u-clearfix u-section-3\" id=\"block-4\">\n      <div class=\"u-clearfix u-sheet u-valign-bottom-lg u-valign-bottom-md u-valign-bottom-sm u-valign-bottom-xs u-sheet-1\">\n        <div class=\"u-align-justify u-container-style u-group u-radius u-shape-round u-white u-group-1\">\n          <div class=\"u-container-layout u-container-layout-1\">\n            <p class=\"u-text u-text-custom-color-18 u-text-default u-text-1\">Ce dispositif est destin\u00e9 aux personnes touch\u00e9es par une probl\u00e9matique addictive et propose un accompagnement global par le biais d\u2019un h\u00e9bergement transitoire.<br>\n              <br>L\u2019accompagnement repose sur une \u00e9quipe pluridisciplinaire (addictologue, infirmier, psychologue et travailleur social) qui assure le suivi individuel de la personne via des entretiens au CSAPA, des visites \u00e0 domicile, des accompagnements ext\u00e9rieurs et des activit\u00e9s collectives.\n            <\/p>\n          <\/div>\n        <\/div>\n        <div class=\"u-border-5 u-border-palette-1-base u-image u-image-circle u-image-1\" alt=\"\" data-image-width=\"1920\" data-image-height=\"1080\" style=\"background-image: url(&quot;https:\/\/csapa.sys-develop.fr\/wp-content\/uploads\/2025\/07\/Salon.png&quot;);\"><\/div>\n        <div class=\"u-rotation-parent u-rotation-parent-1\">\n          <img decoding=\"async\" class=\"u-image u-image-contain u-image-default u-preserve-proportions u-image-2\" src=\"https:\/\/csapa.sys-develop.fr\/wp-content\/uploads\/2024\/04\/symbole143.png\" alt=\"\" data-image-width=\"67\" data-image-height=\"99\">\n        <\/div>\n        <div class=\"u-palette-1-base u-preserve-proportions u-shape u-shape-circle u-shape-1\"><\/div>\n        <div class=\"u-shape u-shape-svg u-text-white u-shape-2\">\n          <svg class=\"u-svg-link\" preserveAspectRatio=\"none\" viewBox=\"0 0 160 160\" style=\"\"><use xlink:href=\"#svg-af45\"><\/use><\/svg>\n          <svg class=\"u-svg-content\" viewBox=\"1 1 158 158\" x=\"0px\" y=\"0px\" id=\"svg-af45\" style=\"enable-background:new 0 0 160 160;\"><path d=\"M80,30c27.6,0,50,22.4,50,50s-22.4,50-50,50s-50-22.4-50-50S52.4,30,80,30 M80,0C35.8,0,0,35.8,0,80s35.8,80,80,80\n\ts80-35.8,80-80S124.2,0,80,0L80,0z\"><\/path><\/svg>\n        <\/div>\n        <img decoding=\"async\" class=\"u-border-4 u-border-white u-image u-image-round u-radius u-image-3\" src=\"https:\/\/csapa.sys-develop.fr\/wp-content\/uploads\/2025\/10\/DSC01132-scaled.jpg\" alt=\"\" data-image-width=\"6000\" data-image-height=\"3376\">\n        <img decoding=\"async\" class=\"u-image u-image-default u-preserve-proportions u-image-4\" src=\"https:\/\/csapa.sys-develop.fr\/wp-content\/uploads\/2024\/04\/symbole11.svg\" alt=\"\" data-image-width=\"100\" data-image-height=\"100\">\n        <div class=\"u-border-5 u-border-white u-container-style u-custom-color-23 u-group u-radius u-shape-round u-group-2\">\n          <div class=\"u-container-layout u-container-layout-2\">\n            <p class=\"u-align-center u-text u-text-body-alt-color u-text-2\">Proc\u00e9dure d'admission <\/p>\n            <p class=\"u-align-justify u-text u-text-body-alt-color u-text-3\"> \u00c0 r\u00e9ception du dossier complet et en fonction des places disponibles, deux rendez-vous d\u2019\u00e9valuation sont programm\u00e9s :&nbsp;<br>-\tUn rendez-vous avec un travailleur social r\u00e9f\u00e9rent des appartements th\u00e9rapeutiques et un infirmier<br>&nbsp;- Puis un rendez-vous avec un m\u00e9decin addictologue de la structure.&nbsp;<br>La demande est ensuite pr\u00e9sent\u00e9e et \u00e9tudi\u00e9e en r\u00e9union de service en pr\u00e9sence de l\u2019ensemble de l\u2019\u00e9quipe pluridisciplinaire.\n            <\/p>\n          <\/div>\n        <\/div>\n      <\/div>\n    <\/section>\n    <section class=\"u-clearfix u-section-4\" id=\"block-1\">\n      <div class=\"u-clearfix u-sheet u-valign-middle-lg u-valign-middle-md u-valign-middle-sm u-valign-middle-xs u-sheet-1\">\n        <div class=\"u-expanded-width u-list u-list-1\">\n          <div class=\"u-repeater u-repeater-1\">\n            <div class=\"u-align-center u-container-align-center u-container-style u-list-item u-repeater-item\">\n              <div class=\"u-container-layout u-similar-container u-valign-top u-container-layout-1\"><span class=\"u-file-icon u-icon u-icon-1\"><img decoding=\"async\" src=\"https:\/\/csapa.sys-develop.fr\/wp-content\/uploads\/2025\/10\/6967748.png\" alt=\"\"><\/span>\n                <h4 class=\"u-text u-text-default u-text-1\">Public<\/h4>\n                <p class=\"u-align-center u-custom-item u-text u-text-2\"> Les appartements th\u00e9rapeutiques sont destin\u00e9s aux personnes majeures, avec ou sans enfants, rencontrant une ou plusieurs probl\u00e9matiques addictives et en capacit\u00e9 de vivre en autonomie.&nbsp;<br>\n                <\/p>\n              <\/div>\n            <\/div>\n            <div class=\"u-align-center u-container-align-center u-container-style u-list-item u-repeater-item\">\n              <div class=\"u-container-layout u-similar-container u-valign-top u-container-layout-2\"><span class=\"u-file-icon u-icon u-icon-2\"><img decoding=\"async\" src=\"https:\/\/csapa.sys-develop.fr\/wp-content\/uploads\/2025\/10\/5455371-1.png\" alt=\"\"><\/span>\n                <h4 class=\"u-text u-text-default u-text-3\">Dossier d'admission<\/h4>\n                <p class=\"u-align-center u-custom-item u-text u-text-default u-text-4\"> La demande d\u2019admission en appartement th\u00e9rapeutique est \u00e0 envoyer par mail ou par courrier, comprenant :&nbsp;<br>\u2022\tUne lettre de motivation de la personne concern\u00e9e,&nbsp;<br>\u2022\tUn formulaire social, compl\u00e9t\u00e9 par un travailleur social,&nbsp;<br>\u2022\tUn formulaire m\u00e9dical, compl\u00e9t\u00e9 par un m\u00e9decin.<br>\n                <\/p>\n              <\/div>\n            <\/div>\n          <\/div>\n        <\/div>\n        <a href=\"https:\/\/csapa.sys-develop.fr\/wp-content\/uploads\/2025\/08\/FORMULAIRE-SOCIAL.pdf\" class=\"u-btn u-btn-round u-button-style u-custom-color-19 u-file-link u-hover-custom-color-20 u-radius u-btn-1\">Formulaire social<\/a>\n        <a href=\"https:\/\/csapa.sys-develop.fr\/wp-content\/uploads\/2025\/08\/FORMULAIRE-MEDICAL.pdf\" class=\"u-btn u-btn-round u-button-style u-custom-color-19 u-file-link u-hover-custom-color-20 u-radius u-btn-2\">Formulaire m\u00e9dical<\/a>\n      <\/div>\n    <\/section>\n    \n    \n    \n  \n","protected":false},"excerpt":{"rendered":"<p>H\u00e9bergement en appartement th\u00e9rapeutique Ce dispositif est destin\u00e9 aux personnes touch\u00e9es par une probl\u00e9matique addictive et propose un accompagnement global par le biais d\u2019un h\u00e9bergement transitoire. L\u2019accompagnement repose sur une \u00e9quipe pluridisciplinaire (addictologue, infirmier, psychologue et travailleur social) qui assure le suivi individuel de la personne via des entretiens au CSAPA, des visites \u00e0 domicile, &hellip; <a href=\"https:\/\/csapa.sys-develop.fr\/index.php\/nos-services\/hebergement-en-appartement-therapeutique\/\" class=\"more-link\">Continue reading<span class=\"screen-reader-text\"> \u00ab\u00a0H\u00e9bergement en appartement th\u00e9rapeutique\u00a0\u00bb<\/span><\/a><\/p>\n","protected":false},"author":1,"featured_media":0,"parent":48,"menu_order":0,"comment_status":"closed","ping_status":"closed","template":"","meta":{"footnotes":""},"class_list":["post-153","page","type-page","status-publish","hentry"],"_links":{"self":[{"href":"https:\/\/csapa.sys-develop.fr\/index.php\/wp-json\/wp\/v2\/pages\/153","targetHints":{"allow":["GET"]}}],"collection":[{"href":"https:\/\/csapa.sys-develop.fr\/index.php\/wp-json\/wp\/v2\/pages"}],"about":[{"href":"https:\/\/csapa.sys-develop.fr\/index.php\/wp-json\/wp\/v2\/types\/page"}],"author":[{"embeddable":true,"href":"https:\/\/csapa.sys-develop.fr\/index.php\/wp-json\/wp\/v2\/users\/1"}],"replies":[{"embeddable":true,"href":"https:\/\/csapa.sys-develop.fr\/index.php\/wp-json\/wp\/v2\/comments?post=153"}],"version-history":[{"count":25,"href":"https:\/\/csapa.sys-develop.fr\/index.php\/wp-json\/wp\/v2\/pages\/153\/revisions"}],"predecessor-version":[{"id":1325,"href":"https:\/\/csapa.sys-develop.fr\/index.php\/wp-json\/wp\/v2\/pages\/153\/revisions\/1325"}],"up":[{"embeddable":true,"href":"https:\/\/csapa.sys-develop.fr\/index.php\/wp-json\/wp\/v2\/pages\/48"}],"wp:attachment":[{"href":"https:\/\/csapa.sys-develop.fr\/index.php\/wp-json\/wp\/v2\/media?parent=153"}],"curies":[{"name":"wp","href":"https:\/\/api.w.org\/{rel}","templated":true}]}}